{"id":374,"date":"2026-07-30T19:00:07","date_gmt":"2026-07-30T17:00:07","guid":{"rendered":"https:\/\/gohost.cl\/designsystem\/?post_type=product&#038;p=374"},"modified":"2026-07-30T19:00:58","modified_gmt":"2026-07-30T17:00:58","slug":"fototerapia-portatil-kernel-kn-4006","status":"publish","type":"product","link":"https:\/\/gohost.cl\/designsystem\/producto\/fototerapia-portatil-kernel-kn-4006\/","title":{"rendered":"Fototerapia Port\u00e1til Kernel KN-4006"},"content":{"rendered":"<p>L\u00e1mpara UVB de banda estrecha de 311 nm KERNEL KN-4006BL Fototerapia UV estacionaria (2 bombillas incluidas, comando por voz). Aprobado por la FDA y CE.<\/p>\n<p>Indicaciones: usado para la Psoriasis, Vit\u00edligo, Eczema, Eczema cr\u00f3nico, Neurodermatitis, Dermatitis at\u00f3pica y otras condiciones dermatol\u00f3gicas. Uso seguro en mujeres embarazadas y ni\u00f1os, no tiene efectos secundarios serios.<\/p>\n<p>Luz UV ralentiza el crecimiento de las c\u00e9lulas de la piel ayudando a crear repigmentacion.<\/p>\n","protected":false},"excerpt":{"rendered":"<p>Kernel \u2013 KN 4006, equipo de fototerapia port\u00e1til posee 2 l\u00e1mparas, con pantalla y temporizador digital incorporado. Especial para tratamientos localizados de psoriasis, vit\u00edligo y otras enfermedades de la piel. Utiliza l\u00e1mpara Philips UVB NB o UVA.<\/p>\n<p>Modelo: KN-4006BL<\/p>\n<p>Configuraci\u00f3n de la L\u00e1mpara: Seleccionable<\/p>\n<p>\u00c1rea de Exposici\u00f3n: 104cm\u00b2<\/p>\n<p>Timer: Incorporado<\/p>\n<p>Medidas: 180mm x 190mm x 400mm (Largo, Ancho, Alto)<\/p>\n","protected":false},"featured_media":420,"comment_status":"closed","ping_status":"closed","template":"","meta":[],"imv_specialty":[150],"imv_brand":[169],"imv_application":[],"imv_technology":[170],"imv_indication":[],"imv_certification":[],"product_brand":[39],"product_cat":[29],"product_tag":[37,38],"class_list":["post-374","product","type-product","status-publish","has-post-thumbnail","imv_specialty-equipos-dermatologicos","imv_brand-kernel","imv_technology-fototerapia","product_brand-kernel","product_cat-equipos-dermatologicos","product_tag-psoriasis","product_tag-vitiligo","first","onbackorder","featured","shipping-taxable","purchasable","product-type-simple"],"_links":{"self":[{"href":"https:\/\/gohost.cl\/designsystem\/wp-json\/wp\/v2\/product\/374","targetHints":{"allow":["GET"]}}],"collection":[{"href":"https:\/\/gohost.cl\/designsystem\/wp-json\/wp\/v2\/product"}],"about":[{"href":"https:\/\/gohost.cl\/designsystem\/wp-json\/wp\/v2\/types\/product"}],"replies":[{"embeddable":true,"href":"https:\/\/gohost.cl\/designsystem\/wp-json\/wp\/v2\/comments?post=374"}],"version-history":[{"count":0,"href":"https:\/\/gohost.cl\/designsystem\/wp-json\/wp\/v2\/product\/374\/revisions"}],"wp:featuredmedia":[{"embeddable":true,"href":"https:\/\/gohost.cl\/designsystem\/wp-json\/wp\/v2\/media\/420"}],"wp:attachment":[{"href":"https:\/\/gohost.cl\/designsystem\/wp-json\/wp\/v2\/media?parent=374"}],"wp:term":[{"taxonomy":"imv_specialty","embeddable":true,"href":"https:\/\/gohost.cl\/designsystem\/wp-json\/wp\/v2\/imv_specialty?post=374"},{"taxonomy":"imv_brand","embeddable":true,"href":"https:\/\/gohost.cl\/designsystem\/wp-json\/wp\/v2\/imv_brand?post=374"},{"taxonomy":"imv_application","embeddable":true,"href":"https:\/\/gohost.cl\/designsystem\/wp-json\/wp\/v2\/imv_application?post=374"},{"taxonomy":"imv_technology","embeddable":true,"href":"https:\/\/gohost.cl\/designsystem\/wp-json\/wp\/v2\/imv_technology?post=374"},{"taxonomy":"imv_indication","embeddable":true,"href":"https:\/\/gohost.cl\/designsystem\/wp-json\/wp\/v2\/imv_indication?post=374"},{"taxonomy":"imv_certification","embeddable":true,"href":"https:\/\/gohost.cl\/designsystem\/wp-json\/wp\/v2\/imv_certification?post=374"},{"taxonomy":"product_brand","embeddable":true,"href":"https:\/\/gohost.cl\/designsystem\/wp-json\/wp\/v2\/product_brand?post=374"},{"taxonomy":"product_cat","embeddable":true,"href":"https:\/\/gohost.cl\/designsystem\/wp-json\/wp\/v2\/product_cat?post=374"},{"taxonomy":"product_tag","embeddable":true,"href":"https:\/\/gohost.cl\/designsystem\/wp-json\/wp\/v2\/product_tag?post=374"}],"curies":[{"name":"wp","href":"https:\/\/api.w.org\/{rel}","templated":true}]}}

Fototerapia Portátil Kernel KN-4006

<p>Lámpara UVB de banda estrecha de 311 nm KERNEL KN-4006BL Fototerapia UV estacionaria (2 bombillas incluidas, comando por voz). Aprobado por la FDA y CE.</p>
<p>Indicaciones: usado para la Psoriasis, Vitíligo, Eczema, Eczema crónico, Neurodermatitis, Dermatitis atópica y otras condiciones dermatológicas. Uso seguro en mujeres embarazadas y niños, no tiene efectos secundarios serios.</p>
<p>Luz UV ralentiza el crecimiento de las células de la piel ayudando a crear repigmentacion.</p>

<p>Kernel – KN 4006, equipo de fototerapia portátil posee 2 lámparas, con pantalla y temporizador digital incorporado. Especial para tratamientos localizados de psoriasis, vitíligo y otras enfermedades de la piel. Utiliza lámpara Philips UVB NB o UVA.</p>
<p>Modelo: KN-4006BL</p>
<p>Configuración de la Lámpara: Seleccionable</p>
<p>Área de Exposición: 104cm²</p>
<p>Timer: Incorporado</p>
<p>Medidas: 180mm x 190mm x 400mm (Largo, Ancho, Alto)</p>
