{"id":375,"date":"2026-07-30T19:00:08","date_gmt":"2026-07-30T17:00:08","guid":{"rendered":"https:\/\/gohost.cl\/designsystem\/?post_type=product&#038;p=375"},"modified":"2026-07-30T19:01:04","modified_gmt":"2026-07-30T17:01:04","slug":"lampara-de-fototerapia-uvb-311nm-kn-4006b1","status":"publish","type":"product","link":"https:\/\/gohost.cl\/designsystem\/producto\/lampara-de-fototerapia-uvb-311nm-kn-4006b1\/","title":{"rendered":"L\u00e1mpara de fototerapia UVB 311nm (KN 4006B1)"},"content":{"rendered":"<p>Equipo de fototerapia con un dise\u00f1o \u00fanico, adecuado para el uso en el hogar y cl\u00ednicas. Posee 6 l\u00e1mparas UVB PC Philips, poniendo a su disposici\u00f3n un \u00e1rea de tratamiento estable y amplio, con control micro ordenador y temporizador digital incorporado. Especial para tratamientos localizados de psoriasis, vit\u00edligo y otras enfermedades de la piel. Utiliza l\u00e1mpara Philips UVB NB o UVA.<\/p>\n","protected":false},"excerpt":{"rendered":"<p>L\u00e1mpara de fototerapia UVB de banda estrecha 311nm marca Kernel \u2013 KN 4006B1<\/p>\n<p>Fototerapia UV de dise\u00f1o tipo mesa para uso dom\u00e9stico.<br \/>\nIntensidad de alta potencia, tratamiento m\u00e1s eficaz, tiempos de tratamiento cortos.<\/p>\n<p>Adecuado para el tratamiento de manos, pies, espalda y hombros, una m\u00e1quina con m\u00faltiples m\u00e9todos de tratamiento. <\/p>\n<p>Especial para tratamientos localizados de psoriasis, vit\u00edligo y otras enfermedades de la piel. Utiliza l\u00e1mpara Philips UVB NB o UVA.<\/p>\n<p>Modelo: KN-4006B1<\/p>\n<p>Configuraci\u00f3n de la L\u00e1mpara: Seleccionable<\/p>\n<p>\u00c1rea de Exposici\u00f3n: 525cm\u00b2<\/p>\n<p>Timer: Incorporado<\/p>\n<p>Medidas: 400mm x 84mm x 340mm (Largo, Ancho, Alto)<\/p>\n","protected":false},"featured_media":427,"comment_status":"closed","ping_status":"closed","template":"","meta":[],"imv_specialty":[150],"imv_brand":[169],"imv_application":[],"imv_technology":[170],"imv_indication":[],"imv_certification":[],"product_brand":[39],"product_cat":[29],"product_tag":[37,38],"class_list":["post-375","product","type-product","status-publish","has-post-thumbnail","imv_specialty-equipos-dermatologicos","imv_brand-kernel","imv_technology-fototerapia","product_brand-kernel","product_cat-equipos-dermatologicos","product_tag-psoriasis","product_tag-vitiligo","first","onbackorder","shipping-taxable","purchasable","product-type-simple"],"_links":{"self":[{"href":"https:\/\/gohost.cl\/designsystem\/wp-json\/wp\/v2\/product\/375","targetHints":{"allow":["GET"]}}],"collection":[{"href":"https:\/\/gohost.cl\/designsystem\/wp-json\/wp\/v2\/product"}],"about":[{"href":"https:\/\/gohost.cl\/designsystem\/wp-json\/wp\/v2\/types\/product"}],"replies":[{"embeddable":true,"href":"https:\/\/gohost.cl\/designsystem\/wp-json\/wp\/v2\/comments?post=375"}],"version-history":[{"count":0,"href":"https:\/\/gohost.cl\/designsystem\/wp-json\/wp\/v2\/product\/375\/revisions"}],"wp:featuredmedia":[{"embeddable":true,"href":"https:\/\/gohost.cl\/designsystem\/wp-json\/wp\/v2\/media\/427"}],"wp:attachment":[{"href":"https:\/\/gohost.cl\/designsystem\/wp-json\/wp\/v2\/media?parent=375"}],"wp:term":[{"taxonomy":"imv_specialty","embeddable":true,"href":"https:\/\/gohost.cl\/designsystem\/wp-json\/wp\/v2\/imv_specialty?post=375"},{"taxonomy":"imv_brand","embeddable":true,"href":"https:\/\/gohost.cl\/designsystem\/wp-json\/wp\/v2\/imv_brand?post=375"},{"taxonomy":"imv_application","embeddable":true,"href":"https:\/\/gohost.cl\/designsystem\/wp-json\/wp\/v2\/imv_application?post=375"},{"taxonomy":"imv_technology","embeddable":true,"href":"https:\/\/gohost.cl\/designsystem\/wp-json\/wp\/v2\/imv_technology?post=375"},{"taxonomy":"imv_indication","embeddable":true,"href":"https:\/\/gohost.cl\/designsystem\/wp-json\/wp\/v2\/imv_indication?post=375"},{"taxonomy":"imv_certification","embeddable":true,"href":"https:\/\/gohost.cl\/designsystem\/wp-json\/wp\/v2\/imv_certification?post=375"},{"taxonomy":"product_brand","embeddable":true,"href":"https:\/\/gohost.cl\/designsystem\/wp-json\/wp\/v2\/product_brand?post=375"},{"taxonomy":"product_cat","embeddable":true,"href":"https:\/\/gohost.cl\/designsystem\/wp-json\/wp\/v2\/product_cat?post=375"},{"taxonomy":"product_tag","embeddable":true,"href":"https:\/\/gohost.cl\/designsystem\/wp-json\/wp\/v2\/product_tag?post=375"}],"curies":[{"name":"wp","href":"https:\/\/api.w.org\/{rel}","templated":true}]}}

Lámpara de fototerapia UVB 311nm (KN 4006B1)

<p>Equipo de fototerapia con un diseño único, adecuado para el uso en el hogar y clínicas. Posee 6 lámparas UVB PC Philips, poniendo a su disposición un área de tratamiento estable y amplio, con control micro ordenador y temporizador digital incorporado. Especial para tratamientos localizados de psoriasis, vitíligo y otras enfermedades de la piel. Utiliza lámpara Philips UVB NB o UVA.</p>

<p>Lámpara de fototerapia UVB de banda estrecha 311nm marca Kernel – KN 4006B1</p>
<p>Fototerapia UV de diseño tipo mesa para uso doméstico.<br />
Intensidad de alta potencia, tratamiento más eficaz, tiempos de tratamiento cortos.</p>
<p>Adecuado para el tratamiento de manos, pies, espalda y hombros, una máquina con múltiples métodos de tratamiento. </p>
<p>Especial para tratamientos localizados de psoriasis, vitíligo y otras enfermedades de la piel. Utiliza lámpara Philips UVB NB o UVA.</p>
<p>Modelo: KN-4006B1</p>
<p>Configuración de la Lámpara: Seleccionable</p>
<p>Área de Exposición: 525cm²</p>
<p>Timer: Incorporado</p>
<p>Medidas: 400mm x 84mm x 340mm (Largo, Ancho, Alto)</p>
