{"id":798,"date":"2026-07-30T19:11:31","date_gmt":"2026-07-30T17:11:31","guid":{"rendered":"https:\/\/gohost.cl\/designsystem\/?post_type=product&#038;p=798"},"modified":"2026-07-30T19:13:15","modified_gmt":"2026-07-30T17:13:15","slug":"optilight-ipl-tratamiento-de-la-enfermedad-del-ojo-seco","status":"publish","type":"product","link":"https:\/\/gohost.cl\/designsystem\/producto\/optilight-ipl-tratamiento-de-la-enfermedad-del-ojo-seco\/","title":{"rendered":"Optilight &#8211; IPL tratamiento de la enfermedad del ojo seco"},"content":{"rendered":"<h2 class=\"product_title entry-title\">Optilight \u2013 IPL tratamiento de la enfermedad del ojo seco<\/h2>\n<p>La primera y \u00fanica IPL <strong>aprobada por la FDA<\/strong> para el tratamiento de la enfermedad del ojo seco debida a la MGD.<\/p>\n<p><strong>OptiLIGHT<\/strong>, una soluci\u00f3n brillante para ojos secos, mejora el control del ojo seco con la tecnolog\u00eda <strong>Optimal Pulse Technology (OPT\u2122)<\/strong> patentada de Lumenis y su dise\u00f1o centrado en el usuario.<\/p>\n<p><a href=\"#contactanos\">Contactar Ejecutivo<\/a> <a href=\"#video\">Ver video<\/a><br \/>\n<img fetchpriority=\"high\" decoding=\"async\" src=\"https:\/\/imvmed.cl\/wp-content\/uploads\/2026\/04\/Optilight_01-768x857.png\" sizes=\"(max-width: 768px) 100vw, 768px\" srcset=\"https:\/\/imvmed.cl\/wp-content\/uploads\/2026\/04\/Optilight_01-768x857.png 768w, https:\/\/imvmed.cl\/wp-content\/uploads\/2026\/04\/Optilight_01-269x300.png 269w, https:\/\/imvmed.cl\/wp-content\/uploads\/2026\/04\/Optilight_01-917x1024.png 917w, https:\/\/imvmed.cl\/wp-content\/uploads\/2026\/04\/Optilight_01-416x464.png 416w, https:\/\/imvmed.cl\/wp-content\/uploads\/2026\/04\/Optilight_01-64x71.png 64w, https:\/\/imvmed.cl\/wp-content\/uploads\/2026\/04\/Optilight_01.png 1119w\" alt=\"\" width=\"768\" height=\"857\" \/><br \/>\n<img decoding=\"async\" src=\"https:\/\/imvmed.cl\/wp-content\/uploads\/2023\/10\/39251_optilight_visuals_C-2-2-1-1-1.png\" sizes=\"(max-width: 950px) 100vw, 950px\" srcset=\"https:\/\/imvmed.cl\/wp-content\/uploads\/2023\/10\/39251_optilight_visuals_C-2-2-1-1-1.png 950w, https:\/\/imvmed.cl\/wp-content\/uploads\/2023\/10\/39251_optilight_visuals_C-2-2-1-1-1-300x167.png 300w, https:\/\/imvmed.cl\/wp-content\/uploads\/2023\/10\/39251_optilight_visuals_C-2-2-1-1-1-768x428.png 768w, https:\/\/imvmed.cl\/wp-content\/uploads\/2023\/10\/39251_optilight_visuals_C-2-2-1-1-1-416x232.png 416w\" alt=\"\" width=\"950\" height=\"530\" \/><\/p>\n<h2>\u00bfC\u00f3mo funciona el tratamiento IPL Optilight de Lumenis?:<\/h2>\n<p>La causa principal del s\u00edndrome del ojo seco es la disfunci\u00f3n de las <strong>gl\u00e1ndulas de Meibomio (DGM)<\/strong>, que se produce cuando estas gl\u00e1ndulas, encargadas de producir sebo, se obstruyen y no pueden generar una pel\u00edcula lagrimal saludable. El sebo es fundamental, ya que evita que la pel\u00edcula lagrimal se evapore demasiado r\u00e1pido.<\/p>\n<p>Durante el procedimiento <strong>Optilight IPL<\/strong>, el calor que emana de la luz ayuda a licuar y liberar los aceites que se han endurecido y obstruido las gl\u00e1ndulas de Meibomio en los p\u00e1rpados, reduciendo as\u00ed las obstrucciones que causan los s\u00edntomas de sequedad ocular y mejorando la calidad de las l\u00e1grimas.<\/p>\n<h2>Ficha de Producto Optilight<\/h2>\n<p data-start=\"77\" data-end=\"262\">\u2022 <strong data-start=\"79\" data-end=\"100\">Filtros Expertos:<\/strong> Ros\u00e1cea I\u2013III; Ros\u00e1cea IV\u2013V; OPT; Acn\u00e9 (400\u2013600 nm y 800\u20131200 nm); Vascular (530\u2013650 nm y 900\u20131200 nm); 515 nm; 560 nm; 590 nm; 615 nm; 640 nm; 695 nm; 755 nm.<\/p>\n<p data-start=\"264\" data-end=\"318\">\u2022 <strong data-start=\"266\" data-end=\"283\">Gu\u00edas de Luz:<\/strong> 15 \u00d7 35 mm; 8 \u00d7 15 mm; 6.4 mm \u00d8.<\/p>\n<p data-start=\"320\" data-end=\"360\">\u2022 <strong data-start=\"322\" data-end=\"342\">Fluencia M\u00e1xima:<\/strong> Hasta 35 J\/cm\u00b2.<\/p>\n<p data-start=\"362\" data-end=\"464\">\u2022 <strong data-start=\"364\" data-end=\"392\">Sistema de Enfriamiento:<\/strong> Enfriamiento continuo por contacto integrado en la pieza de mano IPL.<\/p>\n<p>\ud83d\udc49 <strong>Consulta la ficha de producto y descubre todo lo que este equipo puede hacer por tu consulta<\/strong><\/p>\n<p><img decoding=\"async\" src=\"https:\/\/imvmed.cl\/wp-content\/uploads\/2026\/04\/OptiLight-IPL-06.webp\" sizes=\"(max-width: 900px) 100vw, 900px\" srcset=\"https:\/\/imvmed.cl\/wp-content\/uploads\/2026\/04\/OptiLight-IPL-06.webp 900w, https:\/\/imvmed.cl\/wp-content\/uploads\/2026\/04\/OptiLight-IPL-06-300x200.webp 300w, https:\/\/imvmed.cl\/wp-content\/uploads\/2026\/04\/OptiLight-IPL-06-768x513.webp 768w, https:\/\/imvmed.cl\/wp-content\/uploads\/2026\/04\/OptiLight-IPL-06-416x278.webp 416w, https:\/\/imvmed.cl\/wp-content\/uploads\/2026\/04\/OptiLight-IPL-06-64x43.webp 64w\" alt=\"\" width=\"900\" height=\"601\" \/><br \/>\n<img loading=\"lazy\" decoding=\"async\" src=\"https:\/\/imvmed.cl\/wp-content\/uploads\/2026\/04\/OptiLight-IPL-02.webp\" sizes=\"(max-width: 900px) 100vw, 900px\" srcset=\"https:\/\/imvmed.cl\/wp-content\/uploads\/2026\/04\/OptiLight-IPL-02.webp 900w, https:\/\/imvmed.cl\/wp-content\/uploads\/2026\/04\/OptiLight-IPL-02-300x200.webp 300w, https:\/\/imvmed.cl\/wp-content\/uploads\/2026\/04\/OptiLight-IPL-02-768x513.webp 768w, https:\/\/imvmed.cl\/wp-content\/uploads\/2026\/04\/OptiLight-IPL-02-416x278.webp 416w, https:\/\/imvmed.cl\/wp-content\/uploads\/2026\/04\/OptiLight-IPL-02-64x43.webp 64w\" alt=\"\" width=\"900\" height=\"601\" \/><\/p>\n<h2>Procedimiento basado en luz, y r\u00e1pido de 15 minutos<\/h2>\n<p>Cada sesi\u00f3n de OptiLIGHT dura unos 15 minutos, por lo que puede integrar OptiLIGHT f\u00e1cilmente en su consulta. Con un flujo de trabajo fluido y solo 4 sesiones f\u00e1ciles de realizar, OptiLight es esencial en su kit de herramientas para el tratamiento del ojo seco. Aumente la eficacia de su cl\u00ednica, la eficiencia en su pr\u00e1ctica y el crecimiento empresarial con OptiLIGHT, dispositivo m\u00e9dico para el ojo seco.<\/p>\n<h2>La soluci\u00f3n brillante de Lumenis:<br \/>\nrespaldada por estudios cl\u00ednicos<\/h2>\n<p>Tratamiento multifactorial eficaz para una enfermedad multifactorial<\/p>\n<p><img loading=\"lazy\" decoding=\"async\" src=\"https:\/\/imvmed.cl\/wp-content\/uploads\/2026\/04\/reduccion-marcadores-inflamatorios-1024x665.png\" sizes=\"(max-width: 980px) 100vw, 980px\" srcset=\"https:\/\/imvmed.cl\/wp-content\/uploads\/2026\/04\/reduccion-marcadores-inflamatorios-1024x665.png 1024w, https:\/\/imvmed.cl\/wp-content\/uploads\/2026\/04\/reduccion-marcadores-inflamatorios-300x195.png 300w, https:\/\/imvmed.cl\/wp-content\/uploads\/2026\/04\/reduccion-marcadores-inflamatorios-768x499.png 768w, https:\/\/imvmed.cl\/wp-content\/uploads\/2026\/04\/reduccion-marcadores-inflamatorios-1536x997.png 1536w, https:\/\/imvmed.cl\/wp-content\/uploads\/2026\/04\/reduccion-marcadores-inflamatorios-2048x1329.png 2048w, https:\/\/imvmed.cl\/wp-content\/uploads\/2026\/04\/reduccion-marcadores-inflamatorios-416x270.png 416w, https:\/\/imvmed.cl\/wp-content\/uploads\/2026\/04\/reduccion-marcadores-inflamatorios-64x42.png 64w\" alt=\"\" width=\"980\" height=\"636\" \/><br \/>\n<img loading=\"lazy\" decoding=\"async\" src=\"https:\/\/imvmed.cl\/wp-content\/uploads\/2026\/04\/ruptura-lagrimal-1024x665.png\" sizes=\"(max-width: 980px) 100vw, 980px\" srcset=\"https:\/\/imvmed.cl\/wp-content\/uploads\/2026\/04\/ruptura-lagrimal-1024x665.png 1024w, https:\/\/imvmed.cl\/wp-content\/uploads\/2026\/04\/ruptura-lagrimal-300x195.png 300w, https:\/\/imvmed.cl\/wp-content\/uploads\/2026\/04\/ruptura-lagrimal-768x499.png 768w, https:\/\/imvmed.cl\/wp-content\/uploads\/2026\/04\/ruptura-lagrimal-1536x997.png 1536w, https:\/\/imvmed.cl\/wp-content\/uploads\/2026\/04\/ruptura-lagrimal-2048x1329.png 2048w, https:\/\/imvmed.cl\/wp-content\/uploads\/2026\/04\/ruptura-lagrimal-416x270.png 416w, https:\/\/imvmed.cl\/wp-content\/uploads\/2026\/04\/ruptura-lagrimal-64x42.png 64w\" alt=\"\" width=\"980\" height=\"636\" \/><br \/>\n<img loading=\"lazy\" decoding=\"async\" src=\"https:\/\/imvmed.cl\/wp-content\/uploads\/2026\/04\/antes-despues-IPL-1024x665.png\" sizes=\"(max-width: 980px) 100vw, 980px\" srcset=\"https:\/\/imvmed.cl\/wp-content\/uploads\/2026\/04\/antes-despues-IPL-1024x665.png 1024w, https:\/\/imvmed.cl\/wp-content\/uploads\/2026\/04\/antes-despues-IPL-300x195.png 300w, https:\/\/imvmed.cl\/wp-content\/uploads\/2026\/04\/antes-despues-IPL-768x499.png 768w, https:\/\/imvmed.cl\/wp-content\/uploads\/2026\/04\/antes-despues-IPL-1536x997.png 1536w, https:\/\/imvmed.cl\/wp-content\/uploads\/2026\/04\/antes-despues-IPL-2048x1329.png 2048w, https:\/\/imvmed.cl\/wp-content\/uploads\/2026\/04\/antes-despues-IPL-416x270.png 416w, https:\/\/imvmed.cl\/wp-content\/uploads\/2026\/04\/antes-despues-IPL-64x42.png 64w\" alt=\"\" width=\"980\" height=\"636\" \/><br \/>\n<img loading=\"lazy\" decoding=\"async\" src=\"https:\/\/imvmed.cl\/wp-content\/uploads\/2026\/04\/glandulas-expresables-1024x665.png\" sizes=\"(max-width: 980px) 100vw, 980px\" srcset=\"https:\/\/imvmed.cl\/wp-content\/uploads\/2026\/04\/glandulas-expresables-1024x665.png 1024w, https:\/\/imvmed.cl\/wp-content\/uploads\/2026\/04\/glandulas-expresables-300x195.png 300w, https:\/\/imvmed.cl\/wp-content\/uploads\/2026\/04\/glandulas-expresables-768x499.png 768w, https:\/\/imvmed.cl\/wp-content\/uploads\/2026\/04\/glandulas-expresables-1536x997.png 1536w, https:\/\/imvmed.cl\/wp-content\/uploads\/2026\/04\/glandulas-expresables-2048x1329.png 2048w, https:\/\/imvmed.cl\/wp-content\/uploads\/2026\/04\/glandulas-expresables-416x270.png 416w, https:\/\/imvmed.cl\/wp-content\/uploads\/2026\/04\/glandulas-expresables-64x42.png 64w\" alt=\"\" width=\"980\" height=\"636\" \/><\/p>\n<p>OPTILIGHT: \u00a1La soluci\u00f3n perfecta para los ojos secos ya est\u00e1 aqu\u00ed!<\/p>\n<p><iframe title=\"OptiLight by Lumenis- A Bright Solution for Dry Eyes\" width=\"1200\" height=\"675\" src=\"https:\/\/www.youtube.com\/embed\/2grmoPZGA-U?feature=oembed\" frameborder=\"0\" allow=\"accelerometer; autoplay; clipboard-write; encrypted-media; gyroscope; picture-in-picture; web-share\" referrerpolicy=\"strict-origin-when-cross-origin\" allowfullscreen><\/iframe><br \/>\n<a href=\"https:\/\/imvmed.cl\/categoria-producto\/marcas\/Lumensis\/\">Conoce aqu\u00ed m\u00e1s productos Lumensis<br \/>\n<\/a><\/p>\n","protected":false},"excerpt":{"rendered":"<p>La primera y \u00fanica IPL <strong>aprobada por la FDA<\/strong> para el tratamiento de la enfermedad del ojo seco debida a la MGD.<\/p>\n<p><strong>OptiLIGHT<\/strong>, una soluci\u00f3n brillante para ojos secos, mejora el control del ojo seco con la tecnolog\u00eda <strong>Optimal Pulse Technology (OPT\u2122)<\/strong> patentada de Lumenis y su dise\u00f1o centrado en el usuario.<\/p>\n","protected":false},"featured_media":830,"comment_status":"closed","ping_status":"closed","template":"single-product-alt.php","meta":[],"imv_specialty":[162],"imv_brand":[161],"imv_application":[],"imv_technology":[163],"imv_indication":[],"imv_certification":[],"product_brand":[72],"product_cat":[141],"product_tag":[142],"class_list":["post-798","product","type-product","status-publish","has-post-thumbnail","imv_specialty-equipos-oftalmologicos","imv_brand-lumenis","imv_technology-ipl-oftalmico","product_brand-lumenis","product_cat-equipos-oftalmologicos","product_tag-ojo-seco","first","onbackorder","shipping-taxable","product-type-simple"],"_links":{"self":[{"href":"https:\/\/gohost.cl\/designsystem\/wp-json\/wp\/v2\/product\/798","targetHints":{"allow":["GET"]}}],"collection":[{"href":"https:\/\/gohost.cl\/designsystem\/wp-json\/wp\/v2\/product"}],"about":[{"href":"https:\/\/gohost.cl\/designsystem\/wp-json\/wp\/v2\/types\/product"}],"replies":[{"embeddable":true,"href":"https:\/\/gohost.cl\/designsystem\/wp-json\/wp\/v2\/comments?post=798"}],"version-history":[{"count":0,"href":"https:\/\/gohost.cl\/designsystem\/wp-json\/wp\/v2\/product\/798\/revisions"}],"wp:featuredmedia":[{"embeddable":true,"href":"https:\/\/gohost.cl\/designsystem\/wp-json\/wp\/v2\/media\/830"}],"wp:attachment":[{"href":"https:\/\/gohost.cl\/designsystem\/wp-json\/wp\/v2\/media?parent=798"}],"wp:term":[{"taxonomy":"imv_specialty","embeddable":true,"href":"https:\/\/gohost.cl\/designsystem\/wp-json\/wp\/v2\/imv_specialty?post=798"},{"taxonomy":"imv_brand","embeddable":true,"href":"https:\/\/gohost.cl\/designsystem\/wp-json\/wp\/v2\/imv_brand?post=798"},{"taxonomy":"imv_application","embeddable":true,"href":"https:\/\/gohost.cl\/designsystem\/wp-json\/wp\/v2\/imv_application?post=798"},{"taxonomy":"imv_technology","embeddable":true,"href":"https:\/\/gohost.cl\/designsystem\/wp-json\/wp\/v2\/imv_technology?post=798"},{"taxonomy":"imv_indication","embeddable":true,"href":"https:\/\/gohost.cl\/designsystem\/wp-json\/wp\/v2\/imv_indication?post=798"},{"taxonomy":"imv_certification","embeddable":true,"href":"https:\/\/gohost.cl\/designsystem\/wp-json\/wp\/v2\/imv_certification?post=798"},{"taxonomy":"product_brand","embeddable":true,"href":"https:\/\/gohost.cl\/designsystem\/wp-json\/wp\/v2\/product_brand?post=798"},{"taxonomy":"product_cat","embeddable":true,"href":"https:\/\/gohost.cl\/designsystem\/wp-json\/wp\/v2\/product_cat?post=798"},{"taxonomy":"product_tag","embeddable":true,"href":"https:\/\/gohost.cl\/designsystem\/wp-json\/wp\/v2\/product_tag?post=798"}],"curies":[{"name":"wp","href":"https:\/\/api.w.org\/{rel}","templated":true}]}}

<h2 class="product_title entry-title">Optilight – IPL tratamiento de la enfermedad del ojo seco</h2>
<p>La primera y única IPL <strong>aprobada por la FDA</strong> para el tratamiento de la enfermedad del ojo seco debida a la MGD.</p>
<p><strong>OptiLIGHT</strong>, una solución brillante para ojos secos, mejora el control del ojo seco con la tecnología <strong>Optimal Pulse Technology (OPT™)</strong> patentada de Lumenis y su diseño centrado en el usuario.</p>
<p><a href="#contactanos">Contactar Ejecutivo</a> <a href="#video">Ver video</a><br />
<img fetchpriority="high" decoding="async" src="https://imvmed.cl/wp-content/uploads/2026/04/Optilight_01-768x857.png" sizes="(max-width: 768px) 100vw, 768px" srcset="https://imvmed.cl/wp-content/uploads/2026/04/Optilight_01-768x857.png 768w, https://imvmed.cl/wp-content/uploads/2026/04/Optilight_01-269x300.png 269w, https://imvmed.cl/wp-content/uploads/2026/04/Optilight_01-917x1024.png 917w, https://imvmed.cl/wp-content/uploads/2026/04/Optilight_01-416x464.png 416w, https://imvmed.cl/wp-content/uploads/2026/04/Optilight_01-64x71.png 64w, https://imvmed.cl/wp-content/uploads/2026/04/Optilight_01.png 1119w" alt="" width="768" height="857" /><br />
<img decoding="async" src="https://imvmed.cl/wp-content/uploads/2023/10/39251_optilight_visuals_C-2-2-1-1-1.png" sizes="(max-width: 950px) 100vw, 950px" srcset="https://imvmed.cl/wp-content/uploads/2023/10/39251_optilight_visuals_C-2-2-1-1-1.png 950w, https://imvmed.cl/wp-content/uploads/2023/10/39251_optilight_visuals_C-2-2-1-1-1-300x167.png 300w, https://imvmed.cl/wp-content/uploads/2023/10/39251_optilight_visuals_C-2-2-1-1-1-768x428.png 768w, https://imvmed.cl/wp-content/uploads/2023/10/39251_optilight_visuals_C-2-2-1-1-1-416x232.png 416w" alt="" width="950" height="530" /></p>
<h2>¿Cómo funciona el tratamiento IPL Optilight de Lumenis?:</h2>
<p>La causa principal del síndrome del ojo seco es la disfunción de las <strong>glándulas de Meibomio (DGM)</strong>, que se produce cuando estas glándulas, encargadas de producir sebo, se obstruyen y no pueden generar una película lagrimal saludable. El sebo es fundamental, ya que evita que la película lagrimal se evapore demasiado rápido.</p>
<p>Durante el procedimiento <strong>Optilight IPL</strong>, el calor que emana de la luz ayuda a licuar y liberar los aceites que se han endurecido y obstruido las glándulas de Meibomio en los párpados, reduciendo así las obstrucciones que causan los síntomas de sequedad ocular y mejorando la calidad de las lágrimas.</p>
<h2>Ficha de Producto Optilight</h2>
<p data-start="77" data-end="262">• <strong data-start="79" data-end="100">Filtros Expertos:</strong> Rosácea I–III; Rosácea IV–V; OPT; Acné (400–600 nm y 800–1200 nm); Vascular (530–650 nm y 900–1200 nm); 515 nm; 560 nm; 590 nm; 615 nm; 640 nm; 695 nm; 755 nm.</p>
<p data-start="264" data-end="318">• <strong data-start="266" data-end="283">Guías de Luz:</strong> 15 × 35 mm; 8 × 15 mm; 6.4 mm Ø.</p>
<p data-start="320" data-end="360">• <strong data-start="322" data-end="342">Fluencia Máxima:</strong> Hasta 35 J/cm².</p>
<p data-start="362" data-end="464">• <strong data-start="364" data-end="392">Sistema de Enfriamiento:</strong> Enfriamiento continuo por contacto integrado en la pieza de mano IPL.</p>
<p>👉 <strong>Consulta la ficha de producto y descubre todo lo que este equipo puede hacer por tu consulta</strong></p>
<p><img decoding="async" src="https://imvmed.cl/wp-content/uploads/2026/04/OptiLight-IPL-06.webp" sizes="(max-width: 900px) 100vw, 900px" srcset="https://imvmed.cl/wp-content/uploads/2026/04/OptiLight-IPL-06.webp 900w, https://imvmed.cl/wp-content/uploads/2026/04/OptiLight-IPL-06-300x200.webp 300w, https://imvmed.cl/wp-content/uploads/2026/04/OptiLight-IPL-06-768x513.webp 768w, https://imvmed.cl/wp-content/uploads/2026/04/OptiLight-IPL-06-416x278.webp 416w, https://imvmed.cl/wp-content/uploads/2026/04/OptiLight-IPL-06-64x43.webp 64w" alt="" width="900" height="601" /><br />
<img loading="lazy" decoding="async" src="https://imvmed.cl/wp-content/uploads/2026/04/OptiLight-IPL-02.webp" sizes="(max-width: 900px) 100vw, 900px" srcset="https://imvmed.cl/wp-content/uploads/2026/04/OptiLight-IPL-02.webp 900w, https://imvmed.cl/wp-content/uploads/2026/04/OptiLight-IPL-02-300x200.webp 300w, https://imvmed.cl/wp-content/uploads/2026/04/OptiLight-IPL-02-768x513.webp 768w, https://imvmed.cl/wp-content/uploads/2026/04/OptiLight-IPL-02-416x278.webp 416w, https://imvmed.cl/wp-content/uploads/2026/04/OptiLight-IPL-02-64x43.webp 64w" alt="" width="900" height="601" /></p>
<h2>Procedimiento basado en luz, y rápido de 15 minutos</h2>
<p>Cada sesión de OptiLIGHT dura unos 15 minutos, por lo que puede integrar OptiLIGHT fácilmente en su consulta. Con un flujo de trabajo fluido y solo 4 sesiones fáciles de realizar, OptiLight es esencial en su kit de herramientas para el tratamiento del ojo seco. Aumente la eficacia de su clínica, la eficiencia en su práctica y el crecimiento empresarial con OptiLIGHT, dispositivo médico para el ojo seco.</p>
<h2>La solución brillante de Lumenis:<br />
respaldada por estudios clínicos</h2>
<p>Tratamiento multifactorial eficaz para una enfermedad multifactorial</p>
<p><img loading="lazy" decoding="async" src="https://imvmed.cl/wp-content/uploads/2026/04/reduccion-marcadores-inflamatorios-1024x665.png" sizes="(max-width: 980px) 100vw, 980px" srcset="https://imvmed.cl/wp-content/uploads/2026/04/reduccion-marcadores-inflamatorios-1024x665.png 1024w, https://imvmed.cl/wp-content/uploads/2026/04/reduccion-marcadores-inflamatorios-300x195.png 300w, https://imvmed.cl/wp-content/uploads/2026/04/reduccion-marcadores-inflamatorios-768x499.png 768w, https://imvmed.cl/wp-content/uploads/2026/04/reduccion-marcadores-inflamatorios-1536x997.png 1536w, https://imvmed.cl/wp-content/uploads/2026/04/reduccion-marcadores-inflamatorios-2048x1329.png 2048w, https://imvmed.cl/wp-content/uploads/2026/04/reduccion-marcadores-inflamatorios-416x270.png 416w, https://imvmed.cl/wp-content/uploads/2026/04/reduccion-marcadores-inflamatorios-64x42.png 64w" alt="" width="980" height="636" /><br />
<img loading="lazy" decoding="async" src="https://imvmed.cl/wp-content/uploads/2026/04/ruptura-lagrimal-1024x665.png" sizes="(max-width: 980px) 100vw, 980px" srcset="https://imvmed.cl/wp-content/uploads/2026/04/ruptura-lagrimal-1024x665.png 1024w, https://imvmed.cl/wp-content/uploads/2026/04/ruptura-lagrimal-300x195.png 300w, https://imvmed.cl/wp-content/uploads/2026/04/ruptura-lagrimal-768x499.png 768w, https://imvmed.cl/wp-content/uploads/2026/04/ruptura-lagrimal-1536x997.png 1536w, https://imvmed.cl/wp-content/uploads/2026/04/ruptura-lagrimal-2048x1329.png 2048w, https://imvmed.cl/wp-content/uploads/2026/04/ruptura-lagrimal-416x270.png 416w, https://imvmed.cl/wp-content/uploads/2026/04/ruptura-lagrimal-64x42.png 64w" alt="" width="980" height="636" /><br />
<img loading="lazy" decoding="async" src="https://imvmed.cl/wp-content/uploads/2026/04/antes-despues-IPL-1024x665.png" sizes="(max-width: 980px) 100vw, 980px" srcset="https://imvmed.cl/wp-content/uploads/2026/04/antes-despues-IPL-1024x665.png 1024w, https://imvmed.cl/wp-content/uploads/2026/04/antes-despues-IPL-300x195.png 300w, https://imvmed.cl/wp-content/uploads/2026/04/antes-despues-IPL-768x499.png 768w, https://imvmed.cl/wp-content/uploads/2026/04/antes-despues-IPL-1536x997.png 1536w, https://imvmed.cl/wp-content/uploads/2026/04/antes-despues-IPL-2048x1329.png 2048w, https://imvmed.cl/wp-content/uploads/2026/04/antes-despues-IPL-416x270.png 416w, https://imvmed.cl/wp-content/uploads/2026/04/antes-despues-IPL-64x42.png 64w" alt="" width="980" height="636" /><br />
<img loading="lazy" decoding="async" src="https://imvmed.cl/wp-content/uploads/2026/04/glandulas-expresables-1024x665.png" sizes="(max-width: 980px) 100vw, 980px" srcset="https://imvmed.cl/wp-content/uploads/2026/04/glandulas-expresables-1024x665.png 1024w, https://imvmed.cl/wp-content/uploads/2026/04/glandulas-expresables-300x195.png 300w, https://imvmed.cl/wp-content/uploads/2026/04/glandulas-expresables-768x499.png 768w, https://imvmed.cl/wp-content/uploads/2026/04/glandulas-expresables-1536x997.png 1536w, https://imvmed.cl/wp-content/uploads/2026/04/glandulas-expresables-2048x1329.png 2048w, https://imvmed.cl/wp-content/uploads/2026/04/glandulas-expresables-416x270.png 416w, https://imvmed.cl/wp-content/uploads/2026/04/glandulas-expresables-64x42.png 64w" alt="" width="980" height="636" /></p>
<p>OPTILIGHT: ¡La solución perfecta para los ojos secos ya está aquí!</p>
<p><iframe title="OptiLight by Lumenis- A Bright Solution for Dry Eyes" width="1200" height="675" src="https://www.youtube.com/embed/2grmoPZGA-U?feature=oembed" frameborder="0" allow="accelerometer; autoplay; clipboard-write; encrypted-media; gyroscope; picture-in-picture; web-share" referrerpolicy="strict-origin-when-cross-origin" allowfullscreen></iframe><br />
<a href="https://imvmed.cl/categoria-producto/marcas/Lumensis/">Conoce aquí más productos Lumensis<br />
</a></p>

<p>La primera y única IPL <strong>aprobada por la FDA</strong> para el tratamiento de la enfermedad del ojo seco debida a la MGD.</p>
<p><strong>OptiLIGHT</strong>, una solución brillante para ojos secos, mejora el control del ojo seco con la tecnología <strong>Optimal Pulse Technology (OPT™)</strong> patentada de Lumenis y su diseño centrado en el usuario.</p>
